a5
262464 (base 7) to base 8
137464
Convert -2320 (base 6) to base 13.
-336
Convert 20110022 (base 3) to base 2.
1001001100010
What is -3101201 (base 4) in base 11?
-a090
What is -4ad6 (base 16) in base 3?
-222021120
-14543 (base 8) to base 2
-1100101100011
2e0 (base 15) to base 3
220110
-213131 (base 4) to base 8
-4735
Convert 325 (base 7) to base 2.
10100110
-1012020002 (base 3) to base 4
-11233010
What is 7d7 (base 14) in base 12?
aa1
What is ba4 (base 12) in base 3?
2100021
What is -4cda (base 14) in base 11?
-a181
What is -343 (base 7) in base 13?
-109
Convert -7 (base 10) to base 15.
-7
1e1 (base 16) to base 8
741
Convert 4234 (base 9) to base 10.
3109
What is 31020321 (base 4) in base 8?
151071
17760 (base 12) to base 2
1000010001111000
-13100313 (base 4) to base 14
-abb1
234 (base 11) to base 16
117
Convert 9611 (base 15) to base 11.
21936
Convert -325 (base 6) to base 2.
-1111101
Convert -112520 (base 8) to base 4.
-21111100
Convert 392 (base 11) to base 14.
252
4b37 (base 14) to base 12
7765
What is 115 (base 11) in base 8?
211
What is 1634 (base 9) in base 3?
1201011
What is -296 (base 15) in base 12?
-413
Convert 8368 (base 9) to base 14.
2345
112010211 (base 3) to base 7
42025
-1010100101 (base 2) to base 8
-1245
-2131001 (base 5) to base 3
-1211220021
What is -322 (base 11) in base 16?
-183
What is 10a8 (base 12) in base 13?
aca
What is -5b (base 12) in base 9?
-78
What is 119d (base 16) in base 5?
121014
-11022 (base 4) to base 8
-512
Convert -cc1 (base 16) to base 6.
-23041
What is 1e5 (base 15) in base 7?
1166
Convert -5399 (base 11) to base 16.
-1bd6
110001122 (base 3) to base 12
5108
9715 (base 11) to base 8
31052
Convert 25 (base 10) to base 8.
31
Convert -1031 (base 9) to base 8.
-1365
Convert 121541 (base 6) to base 16.
2a25
What is 72f0 (base 16) in base 5?
1420144
Convert -35127 (base 10) to base 5.
-2111002
Convert -17965 (base 10) to base 15.
-54ca
b20 (base 12) to base 14
82c
What is 257 (base 13) in base 12?
2a2
Convert -8b6 (base 16) to base 12.
-135a
564 (base 10) to base 11
473
What is 574 (base 9) in base 12?
334
-540 (base 12) to base 2
-1100000000
What is e9c (base 15) in base 7?
12420
-1000011100001001 (base 2) to base 7
-202533
91 (base 12) to base 15
74
-588a (base 11) to base 15
-244b
Convert 11533 (base 6) to base 13.
a1a
What is 188a (base 12) in base 7?
11464
What is -11000000010 (base 2) in base 14?
-7bc
Convert 12078 (base 9) to base 2.
1111110011010
What is 352 (base 9) in base 6?
1202
Convert -2989 (base 10) to base 14.
-1137
Convert -174 (base 12) to base 10.
-232
Convert 41314 (base 5) to base 4.
222111
What is -100100010 (base 2) in base 14?
-16a
Convert -6a45 (base 13) to base 4.
-3221101
What is -1342 (base 11) in base 15?
-7b0
Convert 106c (base 15) to base 12.
2019
What is 2220 (base 4) in base 13?
cc
Convert 1000000001100 (base 2) to base 14.
16d6
What is -13068 (base 9) in base 14?
-32d4
Convert -12c9 (base 14) to base 8.
-6361
What is 9aa6 (base 12) in base 4?
10023132
Convert 2404 (base 6) to base 9.
714
1118 (base 12) to base 14
992
What is -8412 (base 9) in base 10?
-6167
What is -51336 (base 7) in base 10?
-12522
Convert -2236 (base 8) to base 10.
-1182
Convert -122020 (base 3) to base 8.
-721
What is -ba9 (base 14) in base 2?
-100100000001
What is 604a (base 16) in base 12?
12322
What is -1837 (base 12) in base 6?
-21311
Convert 410 (base 8) to base 13.
174
What is -18440 (base 11) in base 12?
-12b35
What is 2 (base 14) in base 4?
2
1222220001 (base 3) to base 11
27575
12311230 (base 4) to base 14
a2cc
What is 11011110 (base 2) in base 6?
1010
What is 238 (base 11) in base 6?
1151
-2e9b (base 16) to base 12
-6aa3
What is -13202231 (base 4) in base 9?
-46335
What is 23 (base 16) in base 7?
50
Convert a0 (base 16) to base 13.
c4
207 (base 15) to base 9
557
What is -200523 (base 6) in base 5?
-1000442
Convert -1da1 (base 16) to base 13.
-35b6
Convert 2512 (base 8) to base 14.
6ca
-140 (base 13) to base 4
-3131
-7144 (base 10) to base 8
-15750
What is 324 (base 10) in base 7?
642
What is -a5 (base 13) in base 5?
-1020
What is -15 (base 14) in base 7?
-25
What is 10001 (base 5) in base 16?
272
-4520 (base 15) to base 8
-34477
-1232 (base 6) to base 14
-180
What is -817 (base 12) in base 4?
-102103
Convert -3652 (base 12) to base 11.
-4655
-213212 (base 4) to base 10
-2534
31530 (base 6) to base 9
5810
Convert 20024 (base 5) to base 16.
4f0
What is -c2c (base 15) in base 3?
-10202120
What is 1116 (base 12) in base 3?
2121000
Convert 1856 (base 12) to base 15.
d16
Convert -36593 (base 11) to base 6.
-1043332
What is 3106 (base 10) in base 9?
4231
-51 (base 16) to base 3
-10000
What is 1110011 (base 3) in base 11?
881
Convert -2754 (base 12) to base 2.
-1000110110000
a4 (base 16) to base 14
ba
Convert 21020 (base 3) to base 7.
366
Convert -730 (base 9) to base 10.
-594
What is 1dcf (base 16) in base 8?
16717
What is 29448 (base 12) in base 15?
1213b
Convert -10220 (base 11) to base 3.
-202110001
What is -1001011 (base 3) in base 4?
-23320
What is -2c4 (base 14) in base 2?
-1000110100
-2aa (base 12) to base 8
-642
Convert 522 (base 8) to base 12.
242
What is -11054 (base 14) in base 8?
-120422
Convert -1223 (base 9) to base 11.
-75a
Convert -3542 (base 7) to base 16.
-518
Convert 100110001001 (base 2) to base 7.
10055
What is -6816 (base 13) in base 5?
-431203
What is -1100001 (base 2) in base 10?
-97
2773 (base 8) to base 4
113323
Convert -1531 (base 11) to base 15.
-8b5
Convert 1323 (base 4) to base 10.
123
Convert -1022220 (base 3) to base 6.
-4253
Convert -110010001 (base 2) to base 3.
-112212
-11203 (base 7) to base 4
-230131
Convert -6881 (base 15) to base 10.
-22171
What is -24401 (base 6) in base 16?
-e11
What is -12300 (base 4) in base 8?
-660
292c (base 14) to base 15
2262
317 (base 14) to base 9
746
Convert -4200 (base 5) to base 14.
-2b4
What is 2304223 (base 5) in base 12?
1ba04
What is -46b (base 15) in base 13?
-5c0
What is -694c (base 14) in base 5?
-1041141
-80b7 (base 13) to base 4
-10110332
What is -2101000 (base 3) in base 11?
-1331
What is -1251220 (base 6) in base 9?
-114563
Convert bd (base 15) to base 16.
b2
Convert -101 (base 7) to base 13.
-3b
202 (base 11) to base 4
3310
What is 3340 (base 8) in base 13?
a55
-1304 (base 13) to base 6
-20312
Convert 187 (base 11) to base 7.
426
Convert -1152 (base 9) to base 16.
-359
Convert -118 (base 15) to base 14.
-13a
Convert 1111110111100 (base 2) to base 15.
2619
What is -881 (base 12) in base 4?
-103201
Convert -30000 (base 4) to base 14.
-3cc
-22230121 (base 4) to base 5
-2400201
Convert -4346 (base 7) to base 9.
-2115
-1144 (base 10) to base 6
-5144
Convert -267 (base 10) to base 13.
-177
Convert 11d4 (base 14) to base 15.
dd6
-1c4 (base 16) to base 10
-452
What is -1db4 (base 14) in base 9?
-7425
Convert -2252 (base 6) to base 2.
-1000011000
-9203 (base 14) to base 8
-61003
Convert -11462 (base 7) to base 2.
-101110101000
Convert 34c (base 14) to base 15.
2db
Convert 4773 (base 8) to base 12.
158b
Convert -100110001111 (base 2) to base 9.
-3318
What is -21244 (base 5) in base 3?
-1222200
Convert -1c90 (base 14) to base 12.
-3032
-857 (base 15) to base 7
-5326
7a34 (base 11) to base 10
10564
-35 (base 13) to base 11
-40
What is 219 (base 14) in base 10?
415
Convert 24971 (base 12) to base 11.
34431
Convert -1021 (base 10) to base 13.
-607
Convert 125 (base 10) to base 13.
98
What is -24524 (base 7) in base 15?
-1d92
What is -3b1 (base 12) in base 16?
-235
-4431 (base 5) to base 8
-1150
What is 327 (base 10) in base 9?
403
What is -113314 (base 5) in base 8?
-10161
118 (base 15) to base 5
1443
What is -35550 (base 7) in base 10?
-9198
What is -3757 (base 8) in base 4?
-133233
Convert -148 (base 15) to base 10.
-293
What is -3bc3 (base 16) in base 10?
-15299
1661 (base 7) to base 10
680
1a0 (base 14) to base 16
150
What is 4702 (base 8) in base 12?
1542
Convert -18e (base 16) to base 13.
-248
420 (base 15) to base 9
1243
Convert 1102 (base 8) to base 9.
712
1115 (base 9) to base 15
39e
What is -1247 (base 13) in base 11?
-1a49
What is -487 (base 9) in base 6?
-1511
Convert 62540 (base 8) to base 15.
7a52
Convert -2b6 (base 14) to base 8.
-1050
What is -310122 (base 4) in base 7?
-12531
-449 (base 11) to base 16
-219
4130 